 -g + k*h + 5 = 0. What is the highest common factor of g and j?
10
Let z(w) = w**3 - 39*w**2 + 46*w - 124. Let u be z(38). Calculate the highest common factor of u and 738.
18
Suppose 58*q + 117 = 5685. Suppose -4*j = 5*b - 0*j - 52, -5*b - 2*j = -56. Calculate the highest common factor of q and b.
12
Suppose -5*h + 4 = -4*a, 3*h - 5 = 7. Suppose -5*z - a*b + 74 = -2*z, 0 = -4*z - 2*b + 102. What is the highest common divisor of z and 117?
13
Let f = 23995 + -23806. Calculate the highest common factor of 4788 and f.
63
Let u be 48/((-27)/(-8) + -2 + -1). Suppose -21*i = -28*i + 672. What is the highest common factor of i and u?
32
Let q be ((-28)/(-24) - 1)*6. Suppose -2*k + q = -5*g + 47, -g + 8 = -k. Suppose -5*t + 596 - 146 = 0. What is the greatest common factor of g and t?
10
Let a(c) = 4*c - 109. Let y be a(37). Calculate the highest common factor of y and 169.
13
Let t = -2767 + 3158. What is the greatest common divisor of t and 323?
17
Suppose 702 = 5*t - 2*t. Let g(i) = 34*i**3 - 61*i**2 + 10*i + 4. Let u be g(2). What is the greatest common factor of t and u?
26
Let x be 11/99 - 124/(-18). Suppose 5*j + 7 = x. Suppose 3*q = 4*w + 165 + 115, -2*q + 4*w + 192 = j. What is the greatest common divisor of q and 11?
11
Let u = 1626 - 419. What is the greatest common divisor of u and 284?
71
Let f be (6/5 - 0)*10. Let l be ((-15)/(-2))/(4*6/16). Suppose -5 = -2*d - 2*g + l, 8*d + g - 33 = 0. What is the greatest common divisor of f and d?
4
Let b = -118 - -142. Let s(j) = j**3 - 9*j**2 - 12*j + 14. Let l be s(11). Let z = -76 + l. What is the highest common factor of z and b?
24
Suppose t = 6*z - z - 656, -4*z + t + 524 = 0. Calculate the greatest common divisor of 132 and z.
132
Suppose 3*g - 3*m + 4*m = 6, -18 = -4*g + 2*m. Let x = -286 + 343. What is the highest common factor of g and x?
3
Let v(c) = -c**3 + 14*c**2 - 19*c - 2. Let t be v(10). Let y(n) = -n**3 - 4*n**2 - 9. Let i be y(-5). Calculate the highest common divisor of t and i.
16
Let w be -5 - (-5)/((-10)/(-24)) - 3. Suppose -q = -4*k + 8*k - 273, -k = -w*q + 1143. What is the greatest common factor of q and 30?
15
Let q be 13*-1 + 432 + -414. Calculate the greatest common factor of 11495 and q.
5
Let o be (-79 + -12)*(-9)/21. Suppose 0 = -o*q + 41*q - 158. Calculate the highest common divisor of 1027 and q.
79
Suppose -q + 5*v + 9 = 0, -5*q - v - 4*v + 75 = 0. Let b(c) = -12*c**2 - 673*c - 42. Let d be b(-56). What is the highest common divisor of d and q?
14
Let s be (23 - -2) + 1 + 0. Let l = -24 + s. Let p be 2/((l - 0)/92). Calculate the highest common divisor of p and 23.
23
Suppose 13*p - 58429 + 9667 = 4*p. What is the highest common divisor of p and 215?
43
Suppose 39*s - 690 = 675. Suppose -r - 4*r - 70 = -5*i, 2*i - 28 = -r. What is the greatest common factor of i and s?
7
Let t be -3 + 10 + -6 + 4. Let k(d) = 52*d - 236. Let o be k(t). Calculate the greatest common divisor of 696 and o.
24
Suppose -5*o + 1737 + 4783 = -2*j, -o - 3*j = -1304. What is the highest common divisor of o and 8?
8
Let a be (-3 - -7)/(15/360). Calculate the highest common divisor of a and 832.
32
Let j be 228 + -11 - -12 - (-3 + 4). Suppose -2*h = -h - 12. What is the greatest common divisor of j and h?
12
Let k be 6 + 14/35 + (-12)/30. Suppose 6 = 8*m - 6*m. Let d = m + 6. What is the highest common divisor of d and k?
3
Let l = 26119 + -26089. What is the highest common divisor of 1812 and l?
6
Suppose 49 + 501 = 55*b. What is the highest common divisor of 2270 and b?
10
Let j = 288 + 183. Suppose 0 = 5*z + 4*m - j, 2*z - 4*z + 195 = -5*m. What is the highest common divisor of z and 38?
19
Let h(l) = -4*l**3 - 2*l**2 - 3*l. Let d be h(-2). Let v(o) = 14*o - 7*o + 13*o. Let q be v(1). What is the greatest common factor of d and q?
10
Let p(h) = -11*h**2 + 9*h**2 + 2*h + 10*h + 0*h**2 - 6. Let s be p(5). Let w be 1017/7 + (s - 120/28). Calculate the highest common factor of w and 58.
29
Suppose 601*y = 599*y. Let o(w) = -17*w + 84. Let r be o(y). What is the highest common factor of 60 and r?
12
Let q(m) = 12*m - 15. Let c(o) = 23*o - 30. Let j(y) = 4*c(y) - 7*q(y). Let s be j(12). Calculate the greatest common factor of s and 9.
9
Suppose 4*t = -0*p - 2*p - 4, -5*t - 2 = 2*p. Let o be 875/10 + (-3)/p. Calculate the highest common divisor of o and 33.
11
Let r be 2/3 + (3 - 67/(-3)). Let f(q) = -3*q + 24. Let k be f(r). Let s = k - -68. What is the highest common divisor of 70 and s?
14
Suppose -j = 4*w + 3*j - 32, 2*j = 2*w - 8. Let v = -2622 + -2310. Let g be (-4)/14 - v/63. Calculate the highest common divisor of w and g.
6
Suppose 4414*m - 4425*m + 3678 - 411 = 0. Calculate the greatest common factor of m and 2607.
33
Let v be 18/9*(-7 - -8). What is the greatest common divisor of 162 and v?
2
Suppose 0 = 2*j + 2*j - 32. Let a(b) = 24*b + 171. Let s be a(-7). Suppose -4*z + 28 = 8, -2 = s*n - z. What is the greatest common divisor of n and j?
1
Let x(w) be the first derivative of w**4/4 - 7*w**3/3 + 3*w**2/2 - 10*w + 4. Let t be x(8). What is the highest common factor of t and 6?
6
Let y(k) = 2*k**2 - 5*k - 8. Let i be y(6). Let o(n) = -3 + 0*n**2 + 1 + 4*n + 2*n**2 + 5. Let d be o(-6). Calculate the greatest common factor of d and i.
17
Suppose -d = -2*a + 2, 3*a - 1 = 4*d - 3. Let j be (a - -1)/(2/78). Let i be (13/(-3))/((-9)/27). What is the highest common factor of j and i?
13
Let u be (142 + 0)*5/10*1. Suppose -3*n = -u + 14. What is the highest common factor of 247 and n?
19
Let d be 4/(-6)*1*-51. Suppose 607*f - 143514 = -243*f - 88*f. Calculate the highest common factor of d and f.
17
Let c be (0 + 4)*(-58)/(-8). Let q be (-633)/(-24) + -2 - (-24)/(-64). Suppose 25*v = q*v + 116. What is the highest common divisor of v and c?
29
Let a(o) = 11*o**2 - 240*o - 13. Let v be a(22). Calculate the greatest common divisor of v and 9083.
31
Let i(m) be the first derivative of -14*m**2 + 282*m + 204. Let k be i(10). What is the greatest common divisor of k and 39?
1
Let u = 42 - 18. Suppose -59*k = -65*k + 54. Let p = u - k. Calculate the highest common divisor of 30 and p.
15
Suppose i - 133 = 1642 - 145. Calculate the highest common factor of i and 30.
10
Let v = 3984 + -3888. Let t be ((-4)/(-10))/((-1)/(-5)). Suppose -4*o + 0*o + 38 = -5*g, 0 = t*o + g - 26. Calculate the greatest common factor of v and o.
12
Let q = 11166 - 3419. Calculate the greatest common divisor of 61 and q.
61
Let n(c) = 2391*c - 1198. Let g be n(6). What is the highest common divisor of g and 76?
76
Suppose -2*g - 144 = -4*w, 72 = 3*w - 1369*g + 1372*g. What is the highest common factor of 628 and w?
4
Let g(r) = r**2 + 2*r - 1263. Let f be g(36). What is the greatest common factor of 30 and f?
15
Let r(k) = -28*k**3 - 9*k**2 + 29*k + 107. Let l be r(-4). What is the highest common divisor of 22 and l?
11
Let d be ((21760/(-48))/(-16))/(5/6). What is the greatest common divisor of 13753 and d?
17
Let h(j) = 7*j - 8. Let o be h(8). Let k = o + -23. Let s be 4/2 - (-1)/(1/k). What is the highest common divisor of 9 and s?
9
Suppose -24*t + 19*t + 240 = 4*p, -5*p = -t + 19. Calculate the highest common divisor of 724 and t.
4
Let o = 1567 - 147. Let j be (o/50)/(1/5). What is the highest common factor of 71 and j?
71
Suppose -61*a + 4788 = -315 + 528. Calculate the greatest common divisor of 660 and a.
15
Suppose 32*k = 11*k - 17*k + 38. What is the greatest common factor of 79 and k?
1
Let p be 1/(-2)*(-72)/18. Suppose 0 = p*x - 54 - 10. Let q be (-360)/6*2/(-5). Calculate the greatest common divisor of q and x.
8
Let l(q) = q**3 + 9*q**2 - 221*q + 9. Let z be l(-15). What is the greatest common divisor of 84 and z?
42
Let w = -2 + -5. Let s(h) be the third derivative of -h**4/24 + 7*h**3/6 - 1157*h**2. Let t be s(w). Calculate the greatest common divisor of 42 and t.
14
Suppose 1 + 2 = -3*h. Let p(s) be the first derivative of 3*s**3 + 2*s - 1031. Let a be p(h). What is the greatest common factor of 11 and a?
11
Suppose 2*g - 4 = g. Let z = g - -4. Suppose -17*n = 9*n - 208. What is the highest common factor of z and n?
8
Let x = -3402 + 3426. Calculate the greatest common divisor of x and 6972.
12
Suppose 28*m + 98 - 233 = 369. What is the greatest common divisor of m and 4140?
18
Let t(n) = -23*n + 2. 